 p - 585, -k + 585 = 4*k + 5*p. Suppose -2*j + 79 = h + 2*h, -5*h + 4*j = -k. What are the prime factors of h?
5
Let u(a) = a + 1. Let q be u(4). Suppose -q*y = 25, 5*x - 5*y = -3*y + 50. Suppose -x = -3*v + 1. List the prime factors of v.
3
Let v = -14 + 7. Let q(x) = -x - 8. Let o be q(v). List the prime factors of (0 - o)/((-2)/(-6)).
3
Suppose 3*a - 159 = x, -x + 45 = a - 4*x. Let g = a - 37. List the prime factors of g.
17
Suppose -3*v + 8*v - 10 = 0. What are the prime factors of (2/(-2))/(v/(-26))?
13
Let h be -5 - (3 + -7 - -3). List the prime factors of (h + -6)*1/(-2).
5
List the prime factors of ((-19704)/56)/(-3) - 4/14.
3, 13
Suppose -4 + 58 = 6*h. List the prime factors of h.
3
Suppose -2*z + 10 = -3*j - 0*j, -3*z + 15 = -4*j. Suppose j*l = l. Suppose 11 = 2*v + 3*a, 3*a = 5*v - l*v - 59. List the prime factors of v.
2, 5
Suppose -4*o + 52 = 2*y, y = -3*y - o + 90. Suppose -5*a + y + 15 = -4*c, 5*c + 20 = a. What are the prime factors of (1 - -5)*(-1)/c?
2
Let x(o) = o**3 + 3*o**2 - 4*o + 3. Let l be x(-4). Suppose -11 - 3 = 2*b + 4*g, 0 = 5*b - l*g - 17. Suppose -3*v = -34 + b. List the prime factors of v.
11
Suppose 0 = 3*j + 4*o + 38, 0 = 2*j - 0*o + 5*o + 37. Let l = -2 - j. Let c = 10 - l. List the prime factors of c.
2, 3
Let j(x) = x + 5. Suppose -4 = s - 0. Let f = 1 + s. List the prime factors of j(f).
2
Let v(z) = z + 17. Let d be v(-14). Suppose 2*j + x = -d*x + 78, 107 = 3*j + x. List the prime factors of j.
5, 7
Let q = 75 - 1. List the prime factors of q.
2, 37
Suppose 2*m = 18 + 8. Suppose -38 = -5*r - m. List the prime factors of r.
5
Let t be 8/28 + (-12)/(-7). Suppose 0 = m + j - 0 - 19, -t*m + 18 = -2*j. Suppose -4*o + 44 = 4*q + 12, 3*q = 2*o + m. List the prime factors of q.
2, 3
Let r = -6 + 11. Let h(o) be the first derivative of -o**4/4 + 7*o**3/3 - 3*o**2 - 5*o + 2. What are the prime factors of h(r)?
3, 5
Let r be 1*(20/(-2))/(-1). Let i be 412/26 - (-6)/39. Let j = i - r. List the prime factors of j.
2, 3
Let x = -33 - -64. Suppose 3*r = 4*r + 3*m - 10, -4*r + x = 3*m. Let o(v) = v + 2. List the prime factors of o(r).
3
What are the prime factors of (-2 - (-50)/4)/((-2)/(-16))?
2, 3, 7
Let b(o) be the first derivative of o**2 + 4*o - 5. Let h be b(3). Suppose 7*y - f - 16 = 2*y, -5*f + h = 5*y. What are the prime factors of y?
3
Suppose 3*n = -73 + 253. List the prime factors of n.
2, 3, 5
Suppose -533 = -6*b - 107. What are the prime factors of b?
71
Let h(d) = 12*d + 1. Let v be h(-3). Let f = v + 64. List the prime factors of f.
29
Suppose -17 = -3*x + 1. Suppose x*o - o - 45 = 0. What are the prime factors of o?
3
Let f(q) = -14*q + 191. What are the prime factors of f(0)?
191
Let r(p) = 2*p + 5. What are the prime factors of r(3)?
11
Let s(q) = -q**3 - 4*q**2 - 4*q + 1. Suppose 2*d = -0*d + 52. Suppose 4*u = -x + 3*x + d, -3*u = 3*x - 6. List the prime factors of s(x).
2
Suppose -45 = -5*y - 3*x, -1 + 20 = 2*y + x. Let b = 14 - y. List the prime factors of b.
2
Let j(i) = -4 + 5 + i + 2 + 4. What are the prime factors of j(5)?
2, 3
Let p(w) = -8*w - 4. What are the prime factors of p(-9)?
2, 17
Let y(b) be the second derivative of -11*b**3/6 + 3*b**2/2 - 2*b. Let s be y(2). Let n = -12 - s. What are the prime factors of n?
7
Let f be 7 - (-5)/((-5)/2). Suppose -46 + 6 = -f*v. What are the prime factors of v?
2
Let z(f) = 3*f**2 - f. Let h be z(1). Suppose 4*q + 4 = -y, q = 2*y - h*q + 30. What are the prime factors of (-3 - y)/((-9)/(-6))?
2, 3
Let g(s) = s**3 + 4*s**2 + s - 1. Let x be 14/(-6) - (-1)/3. What are the prime factors of g(x)?
5
Let a(x) = -x**3 - x**2 + 0*x**2 + 6*x + 7 - 4*x**2. What are the prime factors of a(-6)?
7
Suppose -4*u + 8*u = 88. List the prime factors of u.
2, 11
Suppose -4*b + 3*b + 2 = -3*h, 2*b + h = 11. Suppose 0 = c - b*q + 7, -3*q + 1 = -2*c + 8. Let s = c + -4. List the prime factors of s.
2
Suppose -2*t = -t - 8. Let s = t + -10. What are the prime factors of s/(2*(-1)/2)?
2
Let a = 7 + 9. Suppose 66 = 3*w - 2*n, -w + 3*n - 1 = -a. List the prime factors of w.
2, 3
Let t(n) = n**3 - 9*n**2 + 7*n + 11. Let q be (-3 + 1)*-2*2. Let s be t(q). Suppose -30 + 1 = -4*i + s*b, -5*i + 2*b = -45. What are the prime factors of i?
11
Let p = -4 - -8. Let i be (6/p)/((-3)/(-6)). Suppose -41 = -4*w + y + 4*y, -5*w + i*y + 61 = 0. What are the prime factors of w?
2, 7
Let c(j) = j**3 - 6*j**2 - 2*j - 7*j + 1 + 2*j. Let p be c(7). Suppose t = p + 1. What are the prime factors of t?
2
Suppose 2*r + 6 + 2 = 0. Let x(n) = n**2 - 3*n - 5. Let w(i) = -6*i**2 + 16*i + 26. Let j(m) = -2*w(m) - 11*x(m). What are the prime factors of j(r)?
3, 5
Let z = -4 - -6. What are the prime factors of z?
2
Let n be (-4)/6 + (-14)/(-3). Suppose 3*p - n = p. Suppose -4*t = p - 10. What are the prime factors of t?
2
Suppose -16 = -7*w + 3*w. Let f be (-7)/(2 - (-1 + w)). Suppose f*k = 4*k + 12. What are the prime factors of k?
2
What are the prime factors of (45/2)/(5/280*4)?
3, 5, 7
Suppose 3*k + 2*k + h = 2, -h = 3*k - 2. Suppose 3*r + k*i - 86 = i, r = -5*i + 34. What are the prime factors of r?
29
Let v(n) = -7*n - 14. What are the prime factors of v(-12)?
2, 5, 7
Let u(n) = 3*n + 12. Let i be u(-6). Let b = 1 - i. List the prime factors of b.
7
Suppose -4*m = -236 - 4. List the prime factors of m.
2, 3, 5
Let j = -15 + 204. What are the prime factors of j?
3, 7
Let l = 4 + 0. Suppose -2*n - l = -3*n. Let q = -1 + n. List the prime factors of q.
3
Let c = -116 + 192. What are the prime factors of c?
2, 19
Suppose -14 - 17 = -w. Suppose -4*i + i = -147. Let z = i - w. What are the prime factors of z?
2, 3
Let v(y) = y**2 - 4*y - 6. List the prime factors of v(-4).
2, 13
Suppose -5*f + 17 = 2. Let v(m) = 2*m + 1. Let n be v(f). Suppose -u + 2*k + 18 = 0, 3*k + 5 = -n. What are the prime factors of u?
2, 5
Suppose 0 = -5*n + 9 + 6. Suppose -3*k + 2 = 2*a, 2*k - 3*a = -4*a + 2. Suppose -k = -n*l + 4. What are the prime factors of l?
2
Let p = 110 + -75. List the prime factors of p.
5, 7
Let i(m) = m**2 + 13*m + 14. Let y be i(-12). Suppose 3*z = -4*q - z + 44, -43 = -y*q + 5*z. What are the prime factors of q?
2, 7
Suppose -q - 13 = -1. Let y = 3 - q. What are the prime factors of y?
3, 5
Let p(l) = 21*l**2 + 1. What are the prime factors of p(1)?
2, 11
Let x(i) = 2*i**3 - 4*i**2 - i - 1. List the prime factors of x(4).
59
Suppose -4*p - 28 = -2*p. Let u = 28 + p. What are the prime factors of u?
2, 7
What are the prime factors of 980/(-6)*36/(-24)?
5, 7
Suppose 0*q + 4 = q. Suppose -q*i + 3*i + 6 = 0. List the prime factors of i.
2, 3
Suppose 3*f = 4*m + 798, -5*m - 798 = -7*f + 4*f. List the prime factors of f.
2, 7, 19
Let k(m) = 2*m + 1. Let g be k(2). Let i = -8 + g. Let v = 16 + i. What are the prime factors of v?
13
Suppose 0*s = 5*s. What are the prime factors of 22 + 8 + (-2 - s)?
2, 7
Suppose 4*n + 4*r - r - 14 = 0, -4*r = 3*n - 7. Suppose -q + 0*u = n*u - 65, -3*q + 105 = -3*u. Suppose 0 = 3*a + 2*a - q. List the prime factors of a.
2
Suppose -5*k + 300 = p - 6*p, -5*k + 4*p = -300. List the prime factors of k.
2, 3, 5
Let b(t) = -t**3 - 5*t**2 + 9*t + 6. Let s be b(-6). What are the prime factors of 26/3 + 8/s?
2
Let u(y) = y**2 - y - 4. Let c be u(3). Suppose 5*h = -0 + 10. Suppose h*k = k + c. List the prime factors of k.
2
Suppose 4*j - 2*h = -2 - 30, -4*j = -h + 36. Let s(a) = -a**2 + 4*a - 6. Let r be s(6). Let g = j - r. List the prime factors of g.
2
Let g(v) = 3*v - v - 5*v - 6. List the prime factors of g(-6).
2, 3
Let s = -417 - -255. What are the prime factors of s/4*2/(-3)?
3
Suppose 4*j + 8 = -0. Let l be (0 + -4)*2/j. Suppose -z + l = -5*h + 10, 3*z - 21 = 2*h. What are the prime factors of z?
3
Suppose 4*x = 3*f - 4*f + 23, 5*x = f + 22. Suppose 3*l - 21 = 2*i, f*i = 5*l - 3 - 33. What are the prime factors of (l/(-2))/(3/(-4))?
2, 3
Suppose 4*z + 9 = 5*k, -27 = -2*k - 3*z - 5. Suppose 0 = -7*a + 3*a - 5*f + 55, -k*a + 3*f = -41. List the prime factors of a.
2, 5
Let v(z) = z + 1. Let j be v(7). Suppose -h - j = 4*g, 0 = -3*h - 0*g - 2*g + 16. What are the prime factors of h?
2
Let z(c) = 18*c**2 - c + 1. Suppose 4*o = 2*o - 4. Let n be z(o). Suppose -w - 4*w = -n. What are the prime factors of w?
3, 5
Let u = 51 - 31. Let k = u + -5. What are the prime factors of (k/(-